 Suppose t - 3*t + 26 = x. Is t a prime number?
True
Suppose -6105 = -5*o + x, 3*o - 717 = 5*x + 2924. Let c = -2053 + o. Is c/(-15) - (-6)/(-15) a prime number?
False
Suppose 2*d + 3*d + 5*x = 220, -3*d - 2*x = -131. Is d composite?
False
Suppose 0*p + 60 = -5*p. Is (-1)/4 + (-2139)/p prime?
False
Let l(d) = -2*d**3 - 9*d**2 + 10*d + 10. Is l(-7) composite?
True
Let x = -5 + 7. Suppose x = -4*r + 46. Is r prime?
True
Let a(p) = 16*p**2 - 5*p + 4. Let d(y) be the third derivative of 17*y**5/60 - y**4/4 + 5*y**3/6 - y**2. Let x(n) = 4*a(n) - 3*d(n). Is x(-2) a prime number?
False
Let w be 2/7 - (-1872)/14. Suppose 5*v - 1180 = v. Let a = v - w. Is a a composite number?
True
Let h = 9 - 5. Let o be 6/h - 2/(-4). Suppose -o*y + 35 = 3*y. Is y prime?
True
Let x(c) = 346*c**2 - 3*c + 3. Is x(1) composite?
True
Let a = -52 + 289. Is a prime?
False
Let l(j) be the third derivative of 0*j + 0 - 1/12*j**5 - j**2 - 1/8*j**4 - 1/20*j**6 + 1/6*j**3. Is l(-3) a prime number?
True
Let f = 73 - -4. Suppose 0 = -2*w + 14 - 4. Suppose -w*z = u - 4*u + 231, z - f = -u. Is u a composite number?
True
Let n(t) = 61*t**3 - 5*t**2 + 6*t - 1. Is n(2) prime?
True
Let q = 3 + -1. Let m(h) = -3*h + 4*h**3 + 5*h - 3*h + h**q. Is m(1) prime?
False
Let z(w) = -15*w - 1. Is z(-10) a composite number?
False
Suppose n - 6*j = -j + 28, -4*n + j = -36. Let m = 43 - n. Is m a composite number?
True
Suppose 4*i + 0*k + k - 103 = 0, 4*k + 63 = 3*i. Is i a prime number?
False
Let p(t) = t**2 - 2*t - 4. Let j be p(3). Let k = 5 - 4. Is (k - 1/j) + 81 composite?
False
Suppose 3*j - 2*j + 2 = 0. Let d = j + 5. Let m = 136 - d. Is m composite?
True
Suppose 4*w = -28 - 0. Let b be 159/w - 6/21. Let m = b - -42. Is m a composite number?
False
Let z be (16/6)/(8/12). Suppose 2*x = 7*x + 5*l - 10, -16 = -2*x + z*l. Suppose -x*q + 27 = -q. Is q composite?
True
Suppose 3*m + 20 = -55. Is -2 - (-4 + 2) - m a prime number?
False
Suppose -3*z + 5 = -4. Suppose 5*d + 3*n - 784 = 2*n, -788 = -5*d + z*n. Is d composite?
False
Suppose -s + 3 = 0, 5*a - s - 61 = 31. Is a prime?
True
Suppose -n + 62 = -5*k, 0*k + 5*n + 38 = -4*k. Is k/(-28) + (-3656)/(-28) composite?
False
Let k(l) = 2*l**3 - l**2 + 8*l - 6. Let x be k(5). Suppose -2*j = -j - x. Is j prime?
False
Suppose 2*b + 5*h = -b + 236, 336 = 4*b - 4*h. Let g = -125 - -66. Let d = b + g. Is d a prime number?
True
Suppose -2*v + 2 = -v. Let k = v - 0. Suppose 2*f = 3*u - k*u + 168, -4*u - 162 = -2*f. Is f composite?
True
Let w(b) = 38*b - 12. Is w(5) prime?
False
Let s(o) = -53*o - 2. Is s(-1) a prime number?
False
Let k = 256 + -115. Let z = 232 - k. Is z composite?
True
Let i = -27 - -30. Is i/(-2)*1278/(-27) a prime number?
True
Let t(y) = 70*y - 1. Let r(f) = -69*f + 1. Let i(a) = -6*r(a) - 5*t(a). Let l be i(2). Suppose l = m + 40. Is m a prime number?
False
Let m(p) = -5*p - 1. Suppose 2*a - 43 = 3*b, 6*a - a - 25 = 0. Let r = b + 7. Is m(r) prime?
True
Suppose -i = -6*i. Suppose g = -i*g. Suppose g = y + y - 46. Is y prime?
True
Let l be (3 + -3)/(-2) - -3. Suppose 2*h = 5*t - 968, 3*t = -7*h + l*h + 586. Is t a prime number?
False
Suppose -5*y - 5*f + 55 = 0, 5*y + 3*f + f = 51. Is (-1 - 829)*y/(-14) a composite number?
True
Let k(y) be the third derivative of y**5/60 + 5*y**4/24 + 5*y**3/6 + y**2. Is k(7) composite?
False
Let k = -32 + 116. Let t = -25 + k. Is t a prime number?
True
Suppose 8 = 2*p + 2*p. Let w be (4/(-10))/((-6)/30). Suppose p*o = -2*l + 22, 4*l - 29 + 7 = -w*o. Is o a composite number?
False
Let x be 3/(3 + -2) + -1. Suppose -n - 3*s = -85, x*n - 5*s = 3*n - 83. Suppose j + 19 = n. Is j a composite number?
True
Suppose 4*k - 1421 = 95. Is k a prime number?
True
Let h(o) be the first derivative of 2*o**3/3 + 5*o**2/2 + o - 1. Is h(-8) a prime number?
True
Suppose 83 - 255 = -4*p. Is p prime?
True
Suppose 0 = -2*m - m - 18. Let l(k) = -9*k**2 - 6*k + 1. Let v(r) = -8*r**2 - 6*r + 1. Let n(p) = 6*l(p) - 7*v(p). Is n(m) prime?
False
Suppose 0 = 4*u - 388 - 2296. Suppose 36 = w - u. Is w composite?
True
Let w(c) = -96*c - 3. Let k be w(-2). Let z = k + -122. Is z composite?
False
Let b = -272 + 472. Let c = 37 + b. Is c composite?
True
Is (5621/(-66))/((-1)/(-3))*-2 composite?
True
Suppose -m + 10 = -0. Suppose 4*r - m = 9*r. Is 1*1*(r + 67) a prime number?
False
Suppose -11 = -3*y + 4. Let c(i) = i**3 - 3*i**2 - i + 2. Is c(y) a prime number?
True
Let j = -109 + 176. Is j a composite number?
False
Suppose 13*a + 1560 = 3991. Is a a composite number?
True
Suppose -j - 35 = -5*q, -q + 5 = j + 4. Suppose b - q*b = 0. Suppose -3*g + 17 + 214 = b. Is g prime?
False
Let a be (-45)/6*(-150)/9. Suppose -4*g + 104 = 2*i, -2*i + g + a = -2*g. Is i composite?
True
Let y(w) = w - 6. Let a be y(6). Is 144 + (-2)/(2 + a) a composite number?
True
Suppose l - 4*l - 4*k + 10087 = 0, 2*l - 6740 = 5*k. Is l a composite number?
True
Let o be 12*2/6*19. Let a be (118/4)/(-5*(-4)/400). Suppose o - a = -2*r. Is r a prime number?
True
Let a = 71 + 192. Is a prime?
True
Let z = 190 - -141. Is z a composite number?
False
Let y(v) = -25*v + 4. Let q be y(6). Let u = q + 220. Is u a composite number?
True
Suppose -3*w - k + 712 = -298, 4*w + 4*k - 1344 = 0. Is w prime?
True
Let x = 57 + -119. Let g = -11 - x. Is g prime?
False
Let j(d) = 4*d - 1. Is j(6) prime?
True
Let s(m) = -m**2 - 8*m + 10. Let x be s(-9). Is x/(-2 - 526/(-262)) composite?
False
Suppose -1855 = -4*g + 2997. Is g composite?
False
Suppose 28 = 4*o - 0*o. Suppose -2*j - 60 = -o*j. Suppose j = -4*n, 773 - 221 = 3*q + n. Is q composite?
True
Let o = 192 - 134. Is o prime?
False
Let h be 4/14 + 76/28. Suppose -h*n = n - 236. Is n prime?
True
Let u = 34 - -12. Suppose 107 = 3*d - u. Is d composite?
True
Suppose p - 21 = -7. Let z = -7 + p. Suppose 0 = -3*w + 98 + z. Is w prime?
False
Let s be (1/(-5))/(2/(-10)). Suppose -a - s = -3. Suppose -75 = -a*g + 79. Is g a prime number?
False
Let v(m) = 2*m - 4. Let u be v(2). Suppose -3*d - 2*d + 455 = u. Is d composite?
True
Suppose 0 = -2*f - 3*c + c - 8, -f + c = 6. Let m(h) = -h + 2 - 2*h + 2*h**2 - 3 + 3. Is m(f) prime?
True
Let w = -80 - -211. Is w composite?
False
Suppose 3*s - 721 = -2*h - 2*s, -s = -5*h + 1762. Is h prime?
True
Suppose z = -4*z + 15. Is (z/6 - 0)*422 a composite number?
False
Let w(l) = 36*l - 1. Let c be w(-9). Let b = c + 504. Is b composite?
False
Let h be (-2)/(-3) + 46/(-6). Suppose -3*k - 19 = -7, -178 = -3*d - 2*k. Let a = d + h. Is a a prime number?
False
Suppose -3*w = -5*m + 2*w + 1290, 2*w = -3*m + 769. Suppose -3*o = -2*o - m. Is o prime?
True
Suppose 4*h + 3*r = 14, -2*h - 7*r + 12 = -3*r. Suppose -h*n - 5*s + 2 = -217, -5*s - 266 = -3*n. Is n a prime number?
True
Let u be (4 - (0 + 2)) + 20. Suppose -w = -2*c - 84 + u, -4*c = 0. Suppose -5*v + w = -2*d - 131, 0 = 2*d + 8. Is v a prime number?
True
Let i = -8 - -13. Suppose -2*n - 2*m + 2 = -0, 0 = -i*n + 4*m + 32. Suppose -2*c = -n*v + 174, -v + 3*c + 9 = -22. Is v composite?
True
Suppose 0 = -9*t + 15*t - 3114. Is t a prime number?
False
Suppose 3*q - 12444 = -q. Suppose 4*o - 2500 = 2*y, -2*o = -7*o - y + q. Is o prime?
False
Let n(c) = -c**3 + 0*c**3 + c - 7 + 9*c**2 + 0*c**3. Let p be n(9). Suppose 3*d = 4*x + 149, -3*d - p*x + 81 = -92. Is d a composite number?
True
Suppose -r = -z - 0*r + 8, 0 = -5*r + 20. Suppose 0*m + z = 2*m. Suppose -m*b = -b - 110. Is b a prime number?
False
Is (-4 + 3 - 997)/(-2) composite?
False
Let u be (-1)/(1*(-3)/9). Suppose b - u*b = -44. Let w = b + -12. Is w prime?
False
Suppose 3*b - 4*q = 1461, -1246 = -2*b - 4*q - 272. Is b a prime number?
True
Let v(h) be the second derivative of 13*h**4/4 - h**2/2 + 4*h. Is v(2) a prime number?
False
Suppose -3*g + 2*m = m + 1, 3*g - 2*m = -2. Let h(n) = n**2 - n + 257. Let s(f) = 3*f**2 - 3*f + 771. Let q(j) = -8*h(j) + 3*s(j). Is q(g) composite?
False
Suppose -6*j + j - 10 = 0. Let y be -1 + 3 - 0 - j. Suppose y*b = -b + 335. Is b prime?
True
Let a be 1/((-3)/654*-2). Suppose 5*n - 6 = a. Is n a composite number?
False
Let c = 1 + 2. Is (298 + -2)*1 - c prime?
True
Let g be (-4)/14 - 2864/(-28). Let t = 195 - g. Is t prime?
False
Suppose 3 = -5*q + 28. Let j(g) = -g**3 - 10*g**2 - 3*g - 12. Let o be j(-10). Suppose -w + 3*v + 19 = 0, 2*w + q*v - o = 20. Is w prime?
True
Le